 48 + -28. Suppose -2*b = -4*b + z. Calculate the highest common divisor of b and a.
10
Suppose s = -3*j + 1678, -70*s + 65*s = -4*j + 2212. What is the highest common factor of j and 36?
18
Let g(i) = 19*i + 331. Let o be g(-13). Calculate the greatest common divisor of 21 and o.
21
Suppose -3*k + 2*k + 2*k = 0. Suppose k*l + l = 48. What is the greatest common factor of 6 and l?
6
Suppose 0 = -18*a + 13*a + 30. Suppose -4*i + 5*u - 5 = 0, -2*u + a*u - 20 = 0. What is the highest common divisor of 35 and i?
5
Let w = 12 + -1. Let y = 897 - 820. What is the highest common divisor of y and w?
11
Suppose 0 = 2*u - 2*x + 3*x - 11, -3*u = 2*x - 16. Let z(a) = a + 11. Let y be -5*(-1 + 2 + 0). Let t be z(y). What is the highest common factor of t and u?
6
Suppose -3*x = -4*c - 7*x + 68, -3*c + 51 = 4*x. Let l = -4574 - -4642. Calculate the greatest common factor of c and l.
17
Let u(m) = 37*m - 6. Let o be u(4). Suppose -3*x + o = v, x - 90 = -x - 3*v. Suppose 220 + 164 = 12*r. What is the highest common factor of x and r?
16
Let l = 4 + 21. Suppose 4*v - 2*a + 7 = l, -a = v - 3. Let y = -4 - -16. What is the greatest common divisor of v and y?
4
Let l = 438 + -428. Let a(i) = -51*i - 5. Let n be a(-5). Calculate the highest common divisor of n and l.
10
Suppose -4*n + 5*h + 518 = 174, 0 = -5*n - 2*h + 463. Calculate the greatest common divisor of 273 and n.
91
Let t(j) = j - 1. Let n be t(-2). Let k be (39/3)/(n/(-15)). Let b = 93 - k. What is the highest common factor of 42 and b?
14
Suppose 0 = 3*c - x - 520, -5*x = 3*c - 122 - 374. Calculate the greatest common divisor of c and 43.
43
Let c(v) = 229*v**2 + v. Let h be c(1). Suppose 140 = 6*x + 2. Calculate the greatest common divisor of h and x.
23
Let z(x) = -x**3 + 22*x**2 - 23*x + 45. Let a be z(21). Suppose a*i - 224 = -i. What is the highest common factor of 14 and i?
14
Let h be 52 - (-1 - 0)*2. Suppose 45*a + 313 - 1123 = 0. Calculate the highest common factor of h and a.
18
Suppose -26 = 5*o + 3*y - 0*y, 4*o - 5*y = -6. Let s = -1 - o. What is the highest common factor of s and 3?
3
Let x = 1991 - 818. Calculate the greatest common divisor of 69 and x.
69
Suppose 0*a + 3*a + 90 = -3*y, 0 = -4*a - 2*y - 112. Let n = a - -50. Suppose 4 - n = -5*c. Calculate the greatest common divisor of 44 and c.
4
Let t(o) = -o + 96. Let c be t(0). Suppose 3*m - c = m. Suppose -2*v + 4 = -28. Calculate the greatest common factor of m and v.
16
Suppose 0 = 2*n - 4*f - 104, 3*n - 5*f = 79 + 72. Let o = -39 + n. Calculate the greatest common divisor of o and 1.
1
Let t be 14/(-4)*(68 - 116). Calculate the greatest common factor of t and 147.
21
Suppose -4*d + r + 234 = -3*d, -5*d - 2*r = -1142. What is the highest common divisor of d and 80?
10
Let b = -115 - -131. Calculate the greatest common divisor of 496 and b.
16
Let g be 8/(-100) - (-468)/225. Calculate the highest common divisor of g and 86.
2
Let h be (22/(-6) - -3)*-18. Let m be (-1 + 1 - 2) + 194. Suppose -2*d = -0*d - m. Calculate the greatest common factor of h and d.
12
Let p(i) = -i**3 - 3*i**2 + 3*i + 4. Let q be p(-5). Suppose 7*f = 6*f + q. What is the greatest common factor of f and 26?
13
Let o(y) = -y**2 + 8*y. Let m be o(6). Suppose -3*x - 1 = -2*b, -4*b + 13 + 1 = -2*x. Suppose 6 = x*h - m. Calculate the greatest common factor of 66 and h.
6
Let u(y) = 6*y**2 + 25*y + 147. Let l be u(-5). Calculate the greatest common factor of 430 and l.
86
Let s(v) = 8*v**2 - 7*v - 75. Let h be s(-6). What is the highest common factor of 15 and h?
15
Let w = -223 - -259. Let g = -113 - -293. What is the highest common factor of w and g?
36
Suppose -104 = 20*j - 33*j. Calculate the highest common divisor of j and 8.
8
Let g be (-6)/4*50/(-15). Suppose 3*f = 3*o + 11 + 7, -g = o. Suppose 5*m - 133 = b, 3 = 2*b - f. What is the greatest common divisor of 9 and m?
9
Let u(q) = -16*q + 114. Let b be u(6). Calculate the greatest common divisor of b and 186.
6
Let y(z) = z**2 + 5*z + 2. Let g be y(-6). Suppose -2*k = k + x + 9, 4*x + g = -5*k. Let s be 14/(-4)*k - 1. Calculate the highest common factor of s and 65.
13
Suppose -11 - 178 = -7*g. What is the highest common factor of 108 and g?
27
Let v(x) = x**3 + 3*x**2 - 12*x - 23. Let r be v(-4). Suppose -4*b = -5*l + 17, 2*l + 1 + 9 = -4*b. What is the greatest common divisor of l and r?
1
Let g = 441 - 101. Calculate the highest common divisor of g and 160.
20
Suppose -23*d + 18*d + 985 = 5*w, 0 = -3*d - 2*w + 594. What is the greatest common divisor of d and 24?
8
Let o = -62 - -67. Suppose -8*p = -o*p - 165. What is the greatest common divisor of 22 and p?
11
Let b = -25 - -14. Let l = b + 12. What is the highest common divisor of l and 11?
1
Let z(k) = 4*k**2 - 10*k + 21. Let g be z(2). Let l be (-2)/(-8) + (-3055)/(-20). Calculate the greatest common divisor of g and l.
17
Let d(k) = -14*k**3 + k**2 - k - 1. Let f be d(-1). Let r(w) = -3*w + 15. Let t be r(-5). What is the highest common factor of t and f?
15
Let o be (3 - 4165/(-10)) + (-2)/(-4). What is the greatest common factor of o and 168?
84
Suppose 6*a + 725 = 11*a. Suppose 4*f - 4*j - 128 + 0 = 0, 0 = 5*f + 4*j - 133. Calculate the highest common factor of f and a.
29
Suppose -4*b + 2*r + r = 0, 0 = -3*b + r + 5. Suppose 2*c = 2*m + 84, 40 = -c + 2*c - b*m. Calculate the greatest common divisor of 43 and c.
43
Suppose -6*i + 9*i - 3*q = 207, -q = 3*i - 187. Calculate the highest common factor of 4 and i.
4
Let l be (33/22)/((-1)/(-256)). Suppose n - 75 = 4*o + l, 1798 = 4*n + 3*o. What is the greatest common divisor of n and 41?
41
Let d(t) = -t**3 + 2*t**2 + 4*t + 38. Let k be d(0). Calculate the greatest common divisor of k and 266.
38
Suppose 48 = -5*b + 103. Let a(j) = j**2 + j + 1. Let s be a(0). What is the greatest common factor of b and s?
1
Let b be 6368/56 - 26/(-91). What is the highest common factor of 30 and b?
6
Suppose 5*z - 1 - 24 = 0. Let q(i) = -i**2 + 12*i - 13. Let a be q(9). Let x be -4 + z + 0 + a. What is the highest common factor of 45 and x?
15
Let m be 12*(-13)/468*6 - (-16 + -2). Let l = -15 - -71. What is the greatest common factor of m and l?
8
Let r(g) = -4 - 105*g**3 - g - 9*g**2 + 106*g**3 - 11*g**2 + 39. Let l be r(20). What is the greatest common divisor of 45 and l?
15
Suppose -2*i + 5 = 3*i. Let o be 90/(-18) + 3 + i - -40. What is the highest common factor of o and 312?
39
Let o(n) = n**2 + 2*n - 18. Let d be o(-12). Calculate the greatest common divisor of d and 68.
34
Suppose -9*f - 378 = -11*f. Let l = 288 - f. What is the highest common divisor of l and 9?
9
Let j = -60 - -90. Suppose 94 = 5*m + 5*s - s, -m + j = -2*s. What is the greatest common divisor of 88 and m?
22
Let m be 28 + (4/(-2 - -6) - 1). Let v be 47/5 + m/(-70). Calculate the highest common divisor of 6 and v.
3
Suppose 0 = 3*t + k - 38 - 39, -5*t + k = -123. Let m = t + -23. Let y = m + 10. Calculate the greatest common divisor of 132 and y.
12
Let d be (-2)/(3 - 1) + 14. Suppose 0 = 3*v - q - 34, -263*v - 4*q + 72 = -259*v. What is the highest common divisor of v and d?
13
Suppose -5*x - 588 = -5*k + 292, -173 = -k + 4*x. What is the highest common factor of 118 and k?
59
Let o(z) = 9*z + 11. Let p be o(-1). Suppose 4*w + p*k - 6*k - 28 = 0, -5*w = 2*k - 49. Calculate the greatest common factor of 27 and w.
9
Let o = -485 - -520. Calculate the highest common divisor of o and 5.
5
Let b = -18 - -28. Suppose 5 + b = -3*g. Let p(m) = -5*m - 5. Let q be p(g). What is the highest common factor of 40 and q?
20
Suppose -12*f - 7*f + 418 = 0. What is the greatest common factor of 176 and f?
22
Let x(j) = 2*j**3 + 6*j**2 - 4*j. Let y be x(-3). What is the greatest common factor of y and 294?
6
Let v(k) be the first derivative of 4*k**3/3 - 9*k**2 + 14*k - 14. Let h be v(7). What is the highest common divisor of h and 56?
28
Let y(k) = -k**3 + 17*k**2 + 18*k + 37. Let o = 132 - 114. Let t be y(o). Calculate the greatest common divisor of t and 111.
37
Suppose -5*l + 2055 = 5*y, 3*y = 38*l - 35*l + 1263. What is the greatest common divisor of 13 and y?
13
Suppose -2*h + 68 = 2*h. Suppose -4*z = d - 13, -4*d - d + h = 4*z. Suppose p = -3*u + d, 5*p - 61 = 4*u + 39. What is the highest common factor of 4 and p?
4
Let h = -2 + 7. Let f(b) = 3